f 760?
True
Is 933 a multiple of 3?
True
Does 28 divide 588?
True
Does 10 divide 3935?
False
Is 147 a factor of 76367?
False
Does 14 divide 462?
True
Is 33 a multiple of 4?
False
Is 11 a factor of 1181?
False
Is 13032 a multiple of 24?
True
Does 21 divide 84?
True
Is 2284 a multiple of 81?
False
Is 23 a factor of 7935?
True
Does 2 divide 30?
True
Does 41 divide 21935?
True
Is 71 a factor of 4118?
True
Does 31 divide 155?
True
Does 10 divide 14360?
True
Is 16 a factor of 591?
False
Is 146 a factor of 4088?
True
Is 45 a factor of 18135?
True
Is 20 a factor of 13020?
True
Does 3 divide 15?
True
Is 790 a multiple of 5?
True
Is 10020 a multiple of 12?
True
Is 7724 a multiple of 21?
False
Is 9065 a multiple of 49?
True
Does 10 divide 1502?
False
Is 32 a factor of 20864?
True
Does 5 divide 7613?
False
Is 261 a factor of 23913?
False
Is 6 a factor of 2154?
True
Is 8448 a multiple of 12?
True
Is 515 a multiple of 20?
False
Is 3 a factor of 159?
True
Is 11 a factor of 6138?
True
Is 455 a multiple of 7?
True
Does 83 divide 2182?
False
Is 14646 a multiple of 6?
True
Is 220 a factor of 14246?
False
Is 314 a multiple of 14?
False
Is 78 a factor of 11282?
False
Does 10 divide 13880?
True
Is 100 a factor of 188?
False
Does 16 divide 18720?
True
Is 18074 a multiple of 102?
False
Is 282 a factor of 13536?
True
Is 57 a factor of 11229?
True
Does 14 divide 441?
False
Is 53 a factor of 1578?
False
Is 47 a multiple of 2?
False
Is 17 a factor of 2754?
True
Is 2145 a multiple of 35?
False
Is 55 a factor of 5662?
False
Does 8 divide 1448?
True
Is 59744 a multiple of 32?
True
Is 2802 a multiple of 6?
True
Does 47 divide 19928?
True
Is 2578 even?
True
Is 124 a factor of 2108?
True
Is 64 a multiple of 8?
True
Does 63 divide 2809?
False
Is 2044 a multiple of 144?
False
Is 369 a factor of 100368?
True
Is 7040 a multiple of 88?
True
Is 10176 a multiple of 7?
False
Does 9 divide 14022?
True
Is 1710 a multiple of 9?
True
Is 7704 a multiple of 36?
True
Is 434 a factor of 61628?
True
Does 17 divide 1037?
True
Is 14163 a multiple of 37?
False
Does 21 divide 28926?
False
Is 9679 even?
False
Does 243 divide 46720?
False
Is 41254 a multiple of 14?
False
Is 13 a factor of 533?
True
Does 83 divide 3984?
True
Is 320 a multiple of 32?
True
Does 60 divide 2340?
True
Is 454 a multiple of 4?
False
Does 16 divide 298?
False
Does 2 divide 227?
False
Is 84096 a multiple of 48?
True
Does 4 divide 376?
True
Is 77 a factor of 21997?
False
Is 918 a multiple of 11?
False
Is 19 a factor of 1031?
False
Does 35 divide 54?
False
Does 19 divide 1197?
True
Is 6417 a multiple of 23?
True
Is 4563 a multiple of 12?
False
Is 34532 a multiple of 97?
True
Is 9 a factor of 5238?
True
Does 8 divide 1805?
False
Is 104 a multiple of 7?
False
Does 81 divide 1508?
False
Does 7 divide 875?
True
Does 15 divide 180?
True
Is 25 a factor of 2325?
True
Is 1368 a multiple of 37?
False
Is 828 a multiple of 23?
True
Does 48 divide 3737?
False
Is 4 a factor of 74?
False
Is 11 a factor of 4191?
True
Is 16550 a multiple of 50?
True
Is 18 a factor of 1361?
False
Does 10 divide 141?
False
Does 9 divide 853?
False
Does 10 divide 1010?
True
Is 5 a factor of 544?
False
Is 53 a factor of 735?
False
Is 3008 a multiple of 47?
True
Is 26 a factor of 11752?
True
Is 4779 a multiple of 59?
True
Does 17 divide 1972?
True
Is 10 a factor of 4330?
True
Does 11 divide 40590?
True
Is 3937 a multiple of 12?
False
Is 14 a factor of 30674?
True
Is 61401 a multiple of 34?
False
Is 5 a factor of 259?
False
Is 26700 a multiple of 178?
True
Is 26 a factor of 5161?
False
Does 27 divide 11427?
False
Does 43 divide 3225?
True
Is 119 a factor of 3094?
True
Is 901 a multiple of 39?
False
Does 15 divide 558?
False
Is 35385 a multiple of 35?
True
Does 9 divide 855?
True
Is 15 a factor of 1575?
True
Is 49 a factor of 2956?
False
Does 12 divide 8820?
True
Is 390 a multiple of 5?
True
Does 199 divide 4829?
False
Does 107 divide 29639?
True
Is 68 a factor of 4970?
False
Does 113 divide 7232?
True
Does 24 divide 552?
True
Does 32 divide 1069?
False
Is 1820 a multiple of 70?
True
Is 112 a multiple of 8?
True
Does 13 divide 8606?
True
Is 37 even?
False
Is 9 a factor of 264?
False
Is 3600 a multiple of 48?
True
Does 84 divide 672?
True
Does 4 divide 17840?
True
Is 26 a factor of 551?
False
Is 70 a factor of 600?
False
Does 66 divide 1452?
True
Is 4 a factor of 608?
True
Does 14 divide 3066?
True
Is 80 a factor of 15520?
True
Does 15 divide 975?
True
Does 73 divide 114?
False
Does 25 divide 121775?
True
Is 12 a factor of 463?
False
Is 13 a factor of 226?
False
Is 60 a factor of 17400?
True
Does 40 divide 960?
True
Does 32 divide 1984?
True
Is 74316 a multiple of 16?
False
Is 3837 a multiple of 17?
False
Does 13 divide 979?
False
Is 3360 a multiple of 16?
True
Is 389 a multiple of 14?
False
Is 4271 a multiple of 23?
False
Is 1416 a multiple of 12?
True
Is 1722 a multiple of 21?
True
Does 114 divide 432?
False
Is 48270 a multiple of 19?
False
Is 121 a factor of 41987?
True
Is 25 a factor of 81290?
False
Does 75 divide 825?
True
Does 6 divide 7911?
False
Is 6392 a multiple of 32?
False
Does 94 divide 2256?
True
Does 11 divide 9955?
True
Is 21275 a multiple of 115?
True
Is 856 a multiple of 8?
True
Is 2 a factor of 865?
False
Does 6 divide 152?
False
Is 17 a factor of 1701?
False
Is 6870 a multiple of 5?
True
Is 35873 a multiple of 29?
True
Is 13 a factor of 10955?
False
Is 11 a factor of 1661?
True
Is 34400 a multiple of 119?
False
Is 268 a multiple of 3?
False
Is 50 a factor of 6550?
True
Is 1187 a multiple of 110?
False
Does 94 divide 12032?
True
Is 3324 a multiple of 12?
True
Is 13 a factor of 1022?
False
Is 32 a factor of 237?
False
Does 15 divide 64647?
False
Is 122 a multiple of 18?
False
Is 2204 a multiple of 29?
True
Is 2709 a multiple of 7?
True
Is 4900 a multiple of 14?
True
Is 672 a multiple of 48?
True
Is 849 a multiple of 12?
False
Does 21 divide 792?
False
Is 1581 a multiple of 93?
True
Does 13 divide 14781?
True
Does 8 divide 230?
False
Is 47866 a multiple of 13?
True
Does 28 divide 1863?
False
Is 3107 a multiple of 13?
True
Is 6762 a multiple of 46?
True
Does 21 divide 10504?
False
Does 28 divide 9115?
False
Is 18 a factor of 12816?
True
Does 6 divide 11133?
False
Does 34 divide 16728?
True
Is 296 a multiple of 8?
True
Is 3340 a multiple of 35?
False
Is 919 a multiple of 18?
False
Does 36 divide 1601?
False
Is 88 a factor of 880?
True
Is 89 a factor of 445?
True
Does 24 divide 469?
False
Is 23440 a multiple of 137?
False
Is 5 a factor of 5?
True
Is 664 a multiple of 13?
False
Does 13 divide 4121?
True
Is 177 a factor of 9912?
True
Does 4 divide 126?
False
Does 21 divide 23183?
False
Does 9 divide 426?
False
Is 24155 a multiple of 4?
False
Is 12907 a multiple of 204?
False
Does 44 divide 117?
False
Is 34 a factor of 3065?
False
Is 7176 a multiple of 10?
False
Is 1512 a multiple of 54?
True
Does 70 divide 5670?
True
Does 31 divide 341?
True
Is 62 a factor of 5580?
True
Does 8 divide 88?
True
Is 89 a factor of 821?
False
Does 15 divide 3457?
False
Is 273 a multiple of 39?
True
Is 348 a multiple of 87?
True
Is 177 a multiple of 20?
False
Is 132 a multiple of 6?
True
Is 107 a factor of 3740?
False
Does 2 divide 13837?
False
Does 36 divide 1015?
False
Is 2889 a multiple of 9?
True
Is 292 a multiple of 8?
False
Is 900 a multiple of 62?
False
Does 5 divide 258?
False
Does 10 divide 177?
False
Does 15 divide 2670?
True
Is 660 a multiple of 44?
True
Does 57 divide 1274?
False
Does 20 divide 100?
True
Is 22 a factor of 7470?
False
Is 4 a factor of 371?
False
Is 83 a factor of 39093?
True
Is 107 a factor of 7704?
True
Is 28 a factor of 19488?
True
Does 8 divide 55?
False
Is 3 a factor of 157?
False
Does 50 divide 13386?
False
Is 25 a factor of 216?
False
Does 34 divide 35?
False
Is 78 a factor of 234?
True
Is 1963 a multiple of 13?
True
Does 3 divide 14763?
True
Is 3734 a multiple of 42?
False
Does 34 divide 4957?
False
Is 6 a factor of 38539?
False
Does 123 divide 65489?
False
Is 7007 a multiple of 7?
True
Is 38 a factor of 37696?
True
Is 174 a multiple of 6?
True
Does 37 divide 3663?
True
Does 138 divide 108882?
True
Is 13 a factor of 7241?
True
Does 49 divide 55909?
True
Is 918 a multiple of 18?
True
Is 54 a factor of 35424?
True
Does 10 divide 80?
True
Is 